s digit of 16803745?
7
What is the hundred thousands digit of 655580?
6
What is the tens digit of 734835?
3
What is the tens digit of 4225956?
5
What is the thousands digit of 147615?
7
What is the thousands digit of 46349?
6
What is the tens digit of 1567669?
6
What is the ten thousands digit of 143638?
4
What is the hundred thousands digit of 817755?
8
What is the tens digit of 5129366?
6
What is the thousands digit of 10620450?
0
What is the thousands digit of 3699487?
9
What is the units digit of 541470?
0
What is the hundred thousands digit of 857696?
8
What is the thousands digit of 2999453?
9
What is the hundred thousands digit of 489014?
4
What is the ten thousands digit of 16561270?
6
What is the thousands digit of 207370?
7
What is the units digit of 1547041?
1
What is the tens digit of 317615?
1
What is the hundreds digit of 58664?
6
What is the tens digit of 19833083?
8
What is the hundred thousands digit of 7619112?
6
What is the tens digit of 683875?
7
What is the units digit of 10426948?
8
What is the tens digit of 9158953?
5
What is the hundreds digit of 175540?
5
What is the ten thousands digit of 11717?
1
What is the hundreds digit of 10973859?
8
What is the hundred thousands digit of 804405?
8
What is the units digit of 10730888?
8
What is the hundred thousands digit of 657510?
6
What is the units digit of 541462?
2
What is the millions digit of 1009850?
1
What is the ten thousands digit of 265217?
6
What is the ten thousands digit of 4881194?
8
What is the tens digit of 54115?
1
What is the tens digit of 255065?
6
What is the millions digit of 2642435?
2
What is the thousands digit of 197916?
7
What is the thousands digit of 222099?
2
What is the hundred thousands digit of 460620?
4
What is the units digit of 171511?
1
What is the thousands digit of 282937?
2
What is the hundred thousands digit of 4322618?
3
What is the millions digit of 17490345?
7
What is the ten thousands digit of 985224?
8
What is the hundred thousands digit of 388930?
3
What is the millions digit of 4358913?
4
What is the tens digit of 5025870?
7
What is the thousands digit of 702230?
2
What is the tens digit of 1552982?
8
What is the hundreds digit of 677021?
0
What is the thousands digit of 917401?
7
What is the ten thousands digit of 259794?
5
What is the units digit of 304515?
5
What is the hundred thousands digit of 374402?
3
What is the ten millions digit of 15683107?
1
What is the thousands digit of 243764?
3
What is the hundred thousands digit of 2913610?
9
What is the hundreds digit of 763322?
3
What is the millions digit of 21077204?
1
What is the tens digit of 753432?
3
What is the hundreds digit of 3142041?
0
What is the thousands digit of 1418553?
8
What is the millions digit of 3833410?
3
What is the ten thousands digit of 96644?
9
What is the ten millions digit of 19030409?
1
What is the millions digit of 3118764?
3
What is the units digit of 2092290?
0
What is the thousands digit of 85555?
5
What is the thousands digit of 7105248?
5
What is the hundreds digit of 6753691?
6
What is the tens digit of 11768146?
4
What is the hundreds digit of 289722?
7
What is the units digit of 342993?
3
What is the thousands digit of 6957805?
7
What is the hundred thousands digit of 190244?
1
What is the units digit of 1124235?
5
What is the thousands digit of 8180148?
0
What is the hundreds digit of 2440541?
5
What is the tens digit of 3977?
7
What is the thousands digit of 25959748?
9
What is the units digit of 8044696?
6
What is the hundreds digit of 803480?
4
What is the ten thousands digit of 1496156?
9
What is the units digit of 174128?
8
What is the hundreds digit of 1255157?
1
What is the hundred thousands digit of 36552167?
5
What is the ten thousands digit of 9399915?
9
What is the millions digit of 1218164?
1
What is the tens digit of 12789847?
4
What is the tens digit of 246499?
9
What is the hundreds digit of 4167874?
8
What is the hundred thousands digit of 812782?
8
What is the ten thousands digit of 164913?
6
What is the tens digit of 3180055?
5
What is the units digit of 18759521?
1
What is the thousands digit of 6888543?
8
What is the tens digit of 780035?
3
What is the hundreds digit of 136954?
9
What is the ten millions digit of 16045618?
1
What is the units digit of 6366499?
9
What is the thousands digit of 7539929?
9
What is the hundreds digit of 10027562?
5
What is the hundred thousands digit of 153546?
1
What is the units digit of 791724?
4
What is the units digit of 8411093?
3
What is the hundred thousands digit of 2463915?
4
What is the hundreds digit of 2735510?
5
What is the thousands digit of 340383?
0
What is the millions digit of 3710235?
3
What is the tens digit of 71350?
5
What is the units digit of 159704?
4
What is the ten thousands digit of 351918?
5
What is the tens digit of 441362?
6
What is the hundred thousands digit of 2436604?
4
What is the tens digit of 3189030?
3
What is the tens digit of 2528858?
5
What is the ten thousands digit of 810035?
1
What is the hundred thousands digit of 39314589?
3
What is the millions digit of 4590150?
4
What is the thousands digit of 713020?
3
What is the hundreds digit of 35737?
7
What is the ten thousands digit of 294892?
9
What is the tens digit of 2667144?
4
What is the millions digit of 18866125?
8
What is the tens digit of 4072668?
6
What is the millions digit of 3998011?
3
What is the units digit of 28702596?
6
What is the ten thousands digit of 11097875?
9
What is the millions digit of 1016514?
1
What is the tens digit of 624357?
5
What is the tens digit of 227158?
5
What is the ten thousands digit of 334358?
3
What is the ten thousands digit of 615180?
1
What is the hundreds digit of 563165?
1
What is the hundreds digit of 5814321?
3
What is the thousands digit of 209200?
9
What is the tens digit of 2413634?
3
What is the ten thousands digit of 256289?
5
What is the ten thousands digit of 12169196?
6
What is the tens digit of 25981305?
0
What is the millions digit of 2667367?
2
What is the units digit of 7745661?
1
What is the tens digit of 319979?
7
What is the ten thousands digit of 10755682?
5
What is the tens digit of 16543?
4
What is the ten thousands digit of 535214?
3
What is the thousands digit of 188031?
8
What is the units digit of 988182?
2
What is the hundred thousands digit of 2911347?
9
What is the millions digit of 1288993?
1
What is the ten thousands digit of 1106709?
0
What is the thousands digit of 728165?
8
What is the units digit of 1090276?
6
What is the hundreds digit of 12412456?
4
What is the hundreds digit of 14893062?
0
What is the ten millions digit of 14404634?
1
What is the hundreds digit of 3541355?
3
What is the hundreds digit of 176156?
1
What is the hundreds digit of 428127?
1
What is the ten thousands digit of 1061316?
6
What is the hundreds digit of 561677?
6
What is the hundred thousands digit of 1398007?
3
What is the units digit of 27664117?
7
What is the hundreds digit of 8661984?
9
What is the hundreds digit of 9975180?
1
What is the millions digit of 5655769?
5
What is the ten thousands digit of 5500243?
0
What is the millions digit of 2481784?
2
What is the tens digit of 9788222?
2
What is the ten thousands digit of 564469?
6
What is the tens digit of 2578344?
4
What is the ten thousands digit of 536771?
3
What is the hundred thousands digit of 3233730?
2
What is the hundred thousands digit of 2651473?
6
What is the tens digit of 3453080?
8
What is the units digit of 3213652?
2
What is the thousands digit of 3968616?
8
What is the thousands digit of 163176?
3
What is the tens digit of 4654536?
3
What is the ten thousands digit of 14266890?
6
What is the thousands digit of 195515?
5
What is the thousands digit of 2156938?
6
What is the hundreds digit of 5635285?
2
What is the thousands digit of 20858545?
8
What is the ten thousands digit of 183386?
8
What is the thousands digit of 5203433?
3
What is the tens digit of 96917?
1
What is the thousands digit of 222697?
2
What is the hundred thousands digit of 399615?
3
What is the units digit of 15233997?
7
What is the tens digit of 1029362?
6
What is the thousands digit of 15909127?
9
What is the tens digit of 455143?
4
What is the ten thousands digit of 1398712?
9
What is the hun